pose -p + 120 = 2*p. Calculate the remainder when p is divided by m(3).
5
Let w be (-2)/(-5) + (-1490)/(-25). Suppose -5*f - m = -4*m - 323, -4*m = f - w. What is the remainder when f is divided by 17?
13
Let c(z) be the second derivative of z**4/12 + 3*z**3/2 - 43*z**2/2 + 19*z. Calculate the remainder when c(-14) is divided by (1 - 8)*(-2 + 1).
6
Suppose -42*d = -53*d + 352. Calculate the remainder when 666 is divided by d.
26
Suppose -q - 23 = -0*q. Let l = q + 75. Suppose -3*f + 23 = -l. Calculate the remainder when 98 is divided by f.
23
Let a = -115 - -121. Calculate the remainder when 35 is divided by a.
5
Let c(b) = -43*b - 74. Calculate the remainder when c(-4) is divided by 34.
30
What is the remainder when 72 is divided by 3/(371/(-98) + 2 + 2)?
2
Let t = -62 + 93. Let v = t - 17. What is the remainder when 25 is divided by v?
11
Let h(w) = 2*w + 4. Let u be h(5). Let g = u - 9. What is the remainder when 24 is divided by g?
4
Let q(h) = -h + 4. Let m be q(6). What is the remainder when 77 is divided by 15 + (-4 - m - -3)?
13
Let t(r) = 5*r**2 - 27*r - 36. Let d(f) = f**2 - 1. Let h(o) = -6*d(o) + t(o). Calculate the remainder when 59 is divided by h(-25).
19
Let q = -455 - -519. What is the remainder when q is divided by 13?
12
Let i(f) be the second derivative of 17/2*f**2 - 1/12*f**4 - 1/6*f**3 + 0 + 2*f. What is the remainder when 33 is divided by i(0)?
16
Suppose -3*z = -f - 719, 0*z - 5*f = z - 213. Calculate the remainder when z is divided by 40.
38
Let w(l) = -4*l + 1. Let p be w(-1). Suppose -p*o + 28 = 8. Suppose -5*b - o = -14. What is the remainder when 4 is divided by b?
0
Let s be (-224)/24*3/2. What is the remainder when (s/35)/(1/(-30)) is divided by 6?
0
Suppose -2*h = -1391 + 355. What is the remainder when h is divided by 65?
63
What is the remainder when 227 is divided by 4 + -1 - (-10 + 8 + -41)?
43
What is the remainder when 237 is divided by 2/9 - (-1057)/63?
16
Suppose -147 = -3*o + 5*q - 42, -2*q = -4*q. Let z(s) = -10*s - 1. Suppose -5 = 3*h + 2*h. What is the remainder when o is divided by z(h)?
8
Let t = 1284 - 1255. What is the remainder when 118 is divided by t?
2
Let x = 5 - -4. Let n(u) = -5*u**3 + 109*u**2 + 21*u + 38. What is the remainder when n(22) is divided by x?
7
Suppose -609 = -8*r + 1007. Calculate the remainder when r is divided by 52.
46
Let s = 24 - 22. Suppose 5*i = -4*q + 44, i - s*q - 44 = -2*i. Calculate the remainder when 95 is divided by i.
11
Let w = 779 + -737. Calculate the remainder when w is divided by (-45)/(-4) + (-1)/4.
9
Let b(n) be the first derivative of 2*n**3/3 - n**2/2 + 4*n - 8. Calculate the remainder when b(6) is divided by 24.
22
Let x(z) = 3*z**2 - 8*z - 2. What is the remainder when ((-39 + 2)*-2)/(2 - 0) is divided by x(4)?
9
Let d = 22 + -5. Let l = 16 + d. What is the remainder when l is divided by 17?
16
Suppose -21*y = 78*y - 5544. Let s(a) = 7*a - 6. What is the remainder when y is divided by s(5)?
27
Suppose -6*b - 9 = -5*b. Calculate the remainder when (b/(-15) + -1)*-60 + 1 is divided by 14.
11
Calculate the remainder when -1 + -4 - -193 - (4 - -1) is divided by 103.
80
Suppose 120 = 4*z - 4*v, -5*z = -v + 59 - 213. What is the remainder when 309 is divided by z?
30
Suppose 0 = -9*d + 6*d + 9. Let u(r) = -r + 2. Calculate the remainder when (d/(-9))/(3/(-108)) is divided by u(-2).
0
Let u(n) = 71*n - 128. Calculate the remainder when u(5) is divided by 21.
17
Let i be 67 - ((-15)/(-3) + -3). Suppose -6*v = -v - i. Let p = -163 + 197. Calculate the remainder when p is divided by v.
8
Let u be 10/(110/141) + (-4)/(-22). Suppose -h = 4 + 1. Let q = u + h. Calculate the remainder when 30 is divided by q.
6
Let a(q) = q**3 - 10*q**2 + 11*q - 11. Let c be a(9). Suppose 4*s = c*s. Suppose 2*g - 41 = u, s*u + 3 = -3*u. What is the remainder when 58 is divided by g?
18
Let x = 1695 - 1633. What is the remainder when 242 is divided by x?
56
Let a = 2 + 5. Suppose 4*n + 16 = 0, -2*x + a*x - 87 = 3*n. Suppose 4*h = x + 81. Calculate the remainder when 45 is divided by h.
21
Calculate the remainder when (77 + -45)*(-1 - (-3 + 0)) is divided by 30.
4
Suppose -2*c = h - 56, 19 + 0 = c - 4*h. Suppose 0 = -0*a + 4*a + 72. What is the remainder when c is divided by (-184)/a - (-4)/(-18)?
7
Let n = -333 - -462. Calculate the remainder when n is divided by 67.
62
Let y = -13 - -21. Suppose 975 = y*o - 505. Suppose -3*d = 5*b - o, 4*d - 270 + 26 = -4*b. What is the remainder when d is divided by 21?
18
Suppose -20*f + 428 = -152. What is the remainder when 65 is divided by f?
7
Let w = -24 - -24. Calculate the remainder when (-4)/14 + 3685/35 + w is divided by 18.
15
Let c(m) = m + 20. Let x(h) = h**2 - 10*h - 8. Let s be x(11). Suppose -s*t + 2*t = -4. Calculate the remainder when c(-7) is divided by t.
1
Let c = 39 + -17. Suppose a - 3 - 14 = -2*f, 0 = f - 2*a + 4. Calculate the remainder when c is divided by f.
4
Suppose k + 2*k - 5*v = 79, 0 = 5*k + 5*v - 105. Let q = -10 + k. Let n = -31 - -55. What is the remainder when n is divided by q?
11
Suppose 3*l + k - 99 - 36 = 0, -41 = -l + k. What is the remainder when 84 is divided by l?
40
Let g(d) = d**3 + 7*d**2 + 6*d + 7. Calculate the remainder when 69 is divided by g(-6).
6
What is the remainder when 9 - 11/(55/(-10)) - 1 is divided by 8?
2
Let q = -13 + 10. Let h = q + 11. Calculate the remainder when h is divided by 3 + 0 - 2*(1 + -2).
3
Suppose 0*m = -m. What is the remainder when (-4)/12*m + 27 is divided by 9 - (-1 - (3 + -3))?
7
Let m = 9 - 19. Let k be (-35)/m*(-8)/(-2). What is the remainder when 30 is divided by k + -2 + (2 - 3)?
8
Suppose l = 162 - 49. Suppose -88*m = -6*m - 1356 - 1022. Calculate the remainder when l is divided by m.
26
Let l(k) = k**3 + 13*k**2 + 12*k + 3. Suppose 6*g - 2*r - 298 = g, -5*g + 310 = -5*r. What is the remainder when l(-11) is divided by g?
55
Suppose -2*a = 2*a + 152. Suppose 0 = 2*d - 7*d - 385. Let w = a - d. What is the remainder when w is divided by 14?
11
Let s = 37 + -4. Let o = -26 + s. Calculate the remainder when 13 is divided by o.
6
Suppose -4*i + 77 - 17 = 0. Suppose 3*y - i = 234. Let o = -13 + 34. Calculate the remainder when y is divided by o.
20
Let w(d) = -d**3 + 5*d**2 + 4. Let t be w(4). Suppose 14*j - t*j = -30. What is the remainder when 10 is divided by j?
0
Let x(q) = -29 - 2*q + 5*q + 44. Calculate the remainder when x(7) is divided by 16.
4
Let o = 12 + -20. Let l be o/(-3)*18/12. Suppose -m - 11 = -3*n, -m + 40 = l*m + 4*n. What is the remainder when 5 is divided by m?
1
Let h = -62 + 84. Calculate the remainder when 73 is divided by h.
7
Suppose -679 = -17*f + 2449. Calculate the remainder when f is divided by 19.
13
Suppose 5*u = 4*a - 14, -7*u = 3*a - 3*u + 5. Let t = 10 + 0. Suppose t = -5*b + 5*d, 26 = 2*b + b + 5*d. Calculate the remainder when b is divided by a.
0
Let s(u) = 10*u - 461. Let b = 21 - 4. What is the remainder when b is divided by s(47)?
8
Let p(x) = -x**3 + 10*x**2 - 18. Let w be p(10). Calculate the remainder when 245 is divided by 98/8 - -4*w/(-96).
11
Let t be 0 + 2 - (0 + 3 - 16). Let f = t + -12. What is the remainder when 8 is divided by f?
2
Let o = 7 - -88. Calculate the remainder when o is divided by 70/3 - (-12)/18.
23
Let f = -402 - -404. What is the remainder when 32/(-10)*20/(-8) is divided by f?
0
Suppose -33*y + 1032 = -9*y. Calculate the remainder when 59 is divided by y.
16
Let c = -55 - -51. Let a(z) = -2*z + 6. Suppose -2 + 29 = h. What is the remainder when h is divided by a(c)?
13
Let b = -6 + 12. Let p be b + (1*-4 - -2). Suppose m - 85 = -p*m. Calculate the remainder when m is divided by 5.
2
Let y = -1125 + 1132. Calculate the remainder when y is divided by (10/(-3))/((-14)/21).
2
Let f(x) be the first derivative of x**4/4 + 14*x**3/3 - 17*x**2/2 + 4*x - 19. What is the remainder when 66 is divided by f(-15)?
32
Suppose 0 = x + 2*g - 35, 4*x - 2*g - 132 = -6*g. Let i = -7 + 23. What is the remainder when x is divided by i?
15
Let y be 2*(18/4 + -3). Let w be 26/3 - 2/y. What is the remainder when 30 is divided by (19 - w)/(0 + 1)?
8
Let o be 91/4 + 1/4. Let f = -12 + o. What is the remainder when 2*(-38)/12*-3 is divided by f?
8
Let k = 618 - 569. Calculate the remainder when 435 is divided by k.
43
L